site number?
False
Is 1062757 a prime number?
False
Is 176395 a prime number?
False
Is 1361 prime?
True
Is 2517 a composite number?
True
Is 112967 a prime number?
True
Is 39833 prime?
False
Is 41989 a composite number?
True
Is 218203 prime?
False
Is 12001 prime?
False
Is 37079 composite?
True
Is 76522 composite?
True
Is 89653 a prime number?
True
Is 853 prime?
True
Is 392191 a composite number?
True
Is 175573 composite?
False
Is 192119 composite?
True
Is 1628939 a prime number?
False
Is 15815 a composite number?
True
Is 6193 composite?
True
Is 1165457 a composite number?
True
Is 236191 prime?
False
Is 109353 a prime number?
False
Is 188749 prime?
False
Is 64937 a composite number?
False
Is 977773 a prime number?
False
Is 11131 a prime number?
True
Is 40465 a prime number?
False
Is 7747 a composite number?
True
Is 62297 a prime number?
True
Is 3776237 composite?
False
Is 111467 composite?
False
Is 993 a composite number?
True
Is 241739 a prime number?
True
Is 524129 composite?
True
Is 11015 a prime number?
False
Is 2897 composite?
False
Is 23213 a prime number?
False
Is 1034773 a composite number?
True
Is 607963 prime?
False
Is 7121 composite?
False
Is 156809 composite?
True
Is 6803 composite?
False
Is 378449 prime?
True
Is 10757 composite?
True
Is 1058313 composite?
True
Is 9301 a composite number?
True
Is 541 a prime number?
True
Is 7113 prime?
False
Is 7593 a composite number?
True
Is 1492261 prime?
True
Is 55741 a composite number?
True
Is 14401 a composite number?
False
Is 1527731 a composite number?
False
Is 1523 prime?
True
Is 12979 prime?
True
Is 1126321 composite?
True
Is 5089 prime?
False
Is 225553 a prime number?
False
Is 5209 prime?
True
Is 4069655 composite?
True
Is 343411 prime?
True
Is 577799 composite?
False
Is 923171 a composite number?
False
Is 141749 a composite number?
True
Is 33671 composite?
True
Is 1965295 a composite number?
True
Is 12409 a composite number?
False
Is 286951 a composite number?
True
Is 876607 a composite number?
False
Is 7751 a composite number?
True
Is 14351 a composite number?
True
Is 15298 a composite number?
True
Is 117389 a prime number?
True
Is 5061497 a prime number?
False
Is 41863 a prime number?
True
Is 23737 prime?
False
Is 328701 composite?
True
Is 101051 a prime number?
True
Is 17077 a prime number?
True
Is 3941 a prime number?
False
Is 1654 a prime number?
False
Is 26293 a prime number?
True
Is 12373 a composite number?
False
Is 5669 composite?
False
Is 27179 a prime number?
True
Is 288719 a prime number?
False
Is 639041 composite?
True
Is 20411 a composite number?
False
Is 34211 composite?
False
Is 1968721 a composite number?
False
Is 4347877 a composite number?
False
Is 31138 a prime number?
False
Is 73591 a composite number?
True
Is 2939 a composite number?
False
Is 84377 a prime number?
True
Is 33591 prime?
False
Is 137881 a composite number?
True
Is 16843 a prime number?
True
Is 70069 a composite number?
True
Is 8491 prime?
False
Is 59611 prime?
True
Is 20581 a composite number?
True
Is 11003 composite?
False
Is 14081 composite?
False
Is 23227 composite?
False
Is 56391 a composite number?
True
Is 4609 composite?
True
Is 74521 prime?
True
Is 9914 composite?
True
Is 74 composite?
True
Is 10771 a composite number?
False
Is 48311 composite?
False
Is 69773 a prime number?
False
Is 2719 a composite number?
False
Is 186391 composite?
False
Is 320811 a composite number?
True
Is 53497 a prime number?
False
Is 168851 a composite number?
False
Is 4133 a composite number?
False
Is 62663 prime?
False
Is 4843 a prime number?
False
Is 20973 composite?
True
Is 806107 a composite number?
False
Is 22993 composite?
False
Is 151115 composite?
True
Is 398345 composite?
True
Is 811147 a composite number?
False
Is 487 a prime number?
True
Is 374917 composite?
True
Is 101615 prime?
False
Is 90133 a composite number?
True
Is 245171 prime?
True
Is 250739 prime?
True
Is 65903 composite?
True
Is 22917 a composite number?
True
Is 1760709 a composite number?
True
Is 2523247 composite?
True
Is 37894 composite?
True
Is 3953 a composite number?
True
Is 30151 prime?
False
Is 2129 prime?
True
Is 109491 a prime number?
False
Is 735649 a composite number?
False
Is 27191 composite?
False
Is 67247 a prime number?
True
Is 37159 a composite number?
False
Is 213067 prime?
True
Is 2959 a prime number?
False
Is 637873 composite?
False
Is 102761 a composite number?
False
Is 10847 composite?
False
Is 51811 prime?
False
Is 48497 composite?
False
Is 187 a composite number?
True
Is 439 composite?
False
Is 270397 a composite number?
True
Is 1657 composite?
False
Is 295153 a composite number?
False
Is 621331 a prime number?
False
Is 744637 a prime number?
True
Is 2927 composite?
False
Is 14143 a composite number?
False
Is 32363 a composite number?
False
Is 140813 composite?
False
Is 92719 composite?
True
Is 35357 a prime number?
False
Is 52042 a composite number?
True
Is 2000807 prime?
True
Is 10741 a prime number?
False
Is 46793 a composite number?
True
Is 6047 prime?
True
Is 83459 composite?
False
Is 11357 composite?
True
Is 438517 a composite number?
False
Is 11399 a composite number?
False
Is 371815 prime?
False
Is 21643 a composite number?
True
Is 34249 prime?
False
Is 298055 composite?
True
Is 61679 a composite number?
True
Is 20971 composite?
True
Is 535699 composite?
True
Is 235919 prime?
True
Is 18041 composite?
False
Is 65167 a composite number?
False
Is 78661 prime?
False
Is 72157 composite?
True
Is 20593 a prime number?
True
Is 21467 a prime number?
True
Is 5737 a composite number?
False
Is 303815 a composite number?
True
Is 48809 composite?
False
Is 36431 prime?
False
Is 8129 a composite number?
True
Is 2317 a composite number?
True
Is 440411 a prime number?
False
Is 737 a composite number?
True
Is 3869 composite?
True
Is 1227 a prime number?
False
Is 70823 a prime number?
True
Is 98123 composite?
False
Is 10862 composite?
True
Is 186513 composite?
True
Is 102181 a composite number?
False
Is 2537419 a prime number?
True
Is 31427 a composite number?
True
Is 73001 a prime number?
False
Is 37043 composite?
True
Is 11967 prime?
False
Is 51215 a prime number?
False
Is 34909 a prime number?
False
Is 9781 a prime number?
True
Is 626033 a prime number?
True
Is 48437 a composite number?
False
Is 1099 a composite number?
True
Is 102181 composite?
False
Is 132283 a prime number?
True
Is 13211 a prime number?
False
Is 4555 a prime number?
False
Is 9143 a prime number?
False
Is 11141 composite?
True
Is 229817 a prime number?
False
Is 424313 a composite number?
False
Is 18953 a composite number?
True
Is 19547 a prime number?
False
Is 5737 a prime number?
True
Is 2147 a composite number?
True
Is 5059 prime?
True
Is 44071 a prime number?
True
Is 3587 a composite number?
True
Is 13411 a prime number?
True
Is 1427359 composite?
False
Is 446863 a prime number?
True
Is 841631 a prime number?
False
Is 450101 prime?
True
Is 3659 a prime number?
True
Is 6311 composite?
False
Is 66211 prime?
False
Is 195527 composite?
False
Is 133349 a prime number?
True
Is 907357 a prime number?
False
Is 191 a composite number?
False
Is 117473 a composite number?
True
Is 574529 a prime number?
True
Is 30127 prime?
False
Is 634301 composite?
False
Is 31162 a prime number?
False
Is 1067 a prime number?
False
Is 702379 a composite number?
False
Is 321905 composite?
True
Is 3035 composite?
True
Is 292661 prime?
True
Is 204635 prime?
False
Is 229763 prime?
True
Is 45727 prime?
False
Is 47459 composite?
False
Is 147943 a prime number?
False
Is 294029 prime?
True
Is 27785 prime?
False
Is 2095 a composite number?
True
Is 132329 a composite number?
False
Is 828995 composite?
True
Is 12797 prime?
False
Is 31627 composite?
False
Is 38167 a composite number?
False
Is 557117 a prime number?
False
Is 108473 prime?
False
Is 2743 composite?
True
Is 12094 prime?
False
Is 65537 prime?
True
Is 2559 prime?
False
Is 96419 composite?
False
Is 1979 composite?
False
Is 177467 prime?
True
Is 138841 a composite number?
False
Is 110527 composite?
False
Is 8287 a prime number?
True
Is 69109 composite?
False
Is 16001 a prime number?
True
Is 5669 prime?
True
Is 11369 prime?
True
Is 68653 a composite number?
True
Is 4667 a composite number?
True
Is 203617 composite?
False
Is 22541 prime?
T